g/105 + (-60)/(-14). Calculate u(d).
-11
Let r(l) = 9*l**2 - 2*l - 6. Let x(w) = 16*w**2 - 3*w - 11. Let b be (2/(-4))/(85/(-1190)). Let u(i) = b*r(i) - 4*x(i). Determine u(0).
2
Let b(z) = -7*z**2 - 9*z - 5. Let k(j) = 4*j**2 + 5*j + 3. Suppose -5*u - 4 = -4*m + 13, 0 = -u - 4*m - 13. Let v(a) = u*k(a) - 3*b(a). Determine v(3).
15
Let j(s) = s**2 + 3*s - 1409. Let g be j(-39). Let t(v) = 3*v**2 - 3*v - 10. Calculate t(g).
80
Let q(j) be the first derivative of -j**3/3 - 3*j**2/2 - 3*j - 651. Determine q(8).
-91
Let m(o) be the second derivative of -5*o**3/6 - o**2 - 564*o. What is m(-3)?
13
Let m(h) be the second derivative of -h**3/2 - 10*h**2 - 264*h + 2. What is m(-11)?
13
Let p(n) = n + 7. Let m be -31 + 0 + (-30)/6. Suppose 6*v - 1 = 5. Let z be (v - 10/4) + m/8. Calculate p(z).
1
Let n(k) = k**3 + 6*k**2 + 7*k + 5. Suppose 5*m - 10*c - 1 = -7*c, -4*m = 5*c - 23. Let f = m - 6. Give n(f).
9
Let a = 17 - 17. Let v(p) = 3 - p + a*p - 1 + p**2 + 0*p. Suppose -5*c - 2 = -12. Determine v(c).
4
Suppose 3*p - 2*t - 132 - 54 = 0, -4*p - t + 237 = 0. Let x = 32 - p. Let q = 25 + x. Let l(y) = -y**3 - 5*y**2 - 4*y - 1. What is l(q)?
-7
Let z(x) = -62*x. Suppose -146 + 305 = -18*g + 141. Calculate z(g).
62
Let h(u) = u**3 + 2*u**2 - 3*u + 7. Suppose -25*s = -14*s. What is h(s)?
7
Let v(y) = 3*y - 25. Let r be v(10). Suppose 0 = d - 3*g + 18, 0 = -2*d + g - r - 16. Let s(l) = l + 3. Determine s(d).
-6
Let f = 140 + -128. Let h(t) = -f*t + t**3 - 2*t**3 + 7*t**2 + 4*t**2 + 6. Give h(10).
-14
Let n be ((22 + 0)/(-2))/(((-182)/13)/(-14)). Let o(z) = -10*z - 78. What is o(n)?
32
Let w(a) = -10*a**3 - 2*a**2 - a. Let i be 2 - ((-45)/(-12))/((-1)/20). Suppose -6*j = i + 7. Let f = j - -13. What is w(f)?
9
Let b(y) be the first derivative of 9*y**2/2 - 159*y + 5006. Determine b(19).
12
Suppose 0 = -15*o + 14*o. Let r(v) = -v**3 + 8*v**2 + 2*v - 3. Let d(g) = 3*g**2 + g. Let p(j) = -3*d(j) + r(j). Calculate p(o).
-3
Let d(i) be the first derivative of -i**4/4 + 11*i**3/3 - 17*i**2/2 - 6*i - 2061. Calculate d(5).
59
Let w(g) = g**2 - 8*g + 5. Let q(o) = -o**2 + 21*o + 36. Let c be q(23). Let u be (-6)/c - (-741)/65. Suppose 18*r - u = 60. Give w(r).
-11
Let v(s) = 6*s + 19. Suppose 0 = 17*t + 882 - 695. What is v(t)?
-47
Suppose -6*b + 171 + 321 = 0. Let g(m) = -m - 3*m + 2 - m**3 - m + b*m**2 - 86*m**2 + 2*m. Suppose 3*q + 8 = -1. Give g(q).
2
Let n(w) = w**3 + 2*w**2 - 13*w - 14. Suppose -4*l + 7*l = -4*a - 25, -3*l - 1 = -2*a. Determine n(a).
6
Let p(d) = -3*d - 30 + 3*d - d + 5*d. Let q be p(8). Suppose -q*w - 15 = 5*y - 6*y, w = 2*y - 15. Let n(c) = -c**3 - 5*c**2 - 2*c - 4. Determine n(w).
6
Let x(i) = -3*i**2 - 44*i - 2. Let s(k) = 18*k**2 + 285*k + 10. Let h(r) = -2*s(r) - 13*x(r). Give h(3).
39
Let p(t) be the second derivative of t**4/4 - 109*t**3/6 + 120*t**2 - 5056*t. Give p(34).
2
Let i = 18099 - 18099. Let r(u) be the second derivative of u**5/20 + u**4/12 - u**3/3 + 13*u**2/2 + 4*u. Give r(i).
13
Suppose 4 - 3 = -j. Let x be 36/(-18) + (-5)/(-2)*2. Let k(n) = 2*n**x - 50 - 3*n**2 + 49 + 6*n**3 - 2*n + n**2. Calculate k(j).
-9
Let v(p) = -p**2 + p + 88. Let f be v(0). Let y be (-1)/(((-4)/f)/(1/2)). Let z(m) = 15 + 13*m**2 - 6 - 2*m**2 - 2*m + 4 - m**3. What is z(y)?
-9
Let o(s) = s**3 - 6*s**2 + 3*s. Suppose f - 5 = 0, -3*p + 8*p + f - 180 = 0. Suppose -36*w = -29*w - p. Determine o(w).
-10
Let m(g) = -209*g - 6. Let f be m(-1). Let n = f - 202. Let p(a) = 0 - 5*a + 0 + 2 - 1. Calculate p(n).
-4
Let w(n) be the second derivative of n**3/6 - 23*n**2/2 + 82*n + 1. Calculate w(13).
-10
Let o be (-1020)/680 - (-5 + 2/(-1 + 2)). Let l(k) be the first derivative of 39 - o*k**2 - 10*k. Give l(-7).
11
Let s(c) = 1996*c + 32 - 20 - 1994*c. Calculate s(7).
26
Let a(d) = -d**2 - 8*d - 4. Suppose 3*n + 685 = -0*n - 4*u, -434 = 2*n - 3*u. Let s = n + 214. Give a(s).
-13
Let r(v) = 9*v**3 - 47*v**2 + 27*v - 35. Let k(q) = 7*q**3 - 46*q**2 + 30*q - 36. Let n(l) = -5*k(l) + 4*r(l). Give n(-43).
-3
Let a(h) = 2*h + 15. Let u be (-6)/4*(45 + 15). Let c = u - -80. What is a(c)?
-5
Let l(v) be the first derivative of -3*v**2/2 - v - 7987. What is l(6)?
-19
Let l(o) = -o**2 + 17*o + 6. Let j be l(17). Suppose -3*k - 4 = -7, -4*d - j = 2*k. Let r(s) = -4 + 3 + 13*s - 7*s - 1 - 3*s. Determine r(d).
-8
Let d(o) = 8*o - 47. Suppose 5*q - 3*l = -5*l + 55, 5*q - 30 = 3*l. Determine d(q).
25
Suppose -3*k + 84 = k. Let g be (3/(-9))/((-1)/k). Let m(o) be the second derivative of -o**3/3 + o**2/2 - 2*o. Calculate m(g).
-13
Let g(x) = 38*x**2 - 10. Let z(w) = -13*w**2 + 3. Let s(i) = 2*g(i) + 7*z(i). Suppose -44 = h - 5*h. Suppose h = t + 10*t. Determine s(t).
-14
Suppose -77*l - 28 = -5*v - 79*l, 0 = 2*v + 2*l - 16. Let k(t) = 12*t**2 - 52*t + 11. Calculate k(v).
-5
Let l(b) = 6*b**2 - 52*b + 56. Let z(j) = -2*j**2 + 17*j - 15. Let y(a) = 2*l(a) + 7*z(a). What is y(8)?
-1
Let s be (32/5)/((-48)/30 + 2). Suppose -s*o - 91 = -219. Let u(m) = -m**3 + 8*m**2 + 2*m + 2. Calculate u(o).
18
Let z = 60 + -151. Let t = z + 96. Let n(d) = 39 + 39 + t*d - 76. What is n(5)?
27
Let i(h) = -5*h**3 - 11*h**2 + 4*h - 1. Let k(d) be the first derivative of -3*d**4/2 - 4*d**3 + 3*d**2/2 + 9. Let a(z) = -5*i(z) + 4*k(z). Calculate a(-8).
5
Let m(r) = 2*r**2 - r - 38. Suppose 2 = -3*k + 4*j, 5*j = -6*k - 48 - 8. Calculate m(k).
40
Let g(i) = 2*i - 21. Let t(s) = -8*s + 87. Let w(b) = -17*g(b) - 4*t(b). Calculate w(3).
3
Suppose -h - 4*k + 11 = 0, 0 = -2*h + k + 37 - 6. Let g(q) = -q**2 + 12*q - 31. What is g(h)?
-76
Let l be (-2 + 3/(-6))*(-186)/155. Suppose -4*t + 56 = k, k + 61 = l*t + 2*t. Let r(c) = c**2 - 11*c - 15. Determine r(t).
11
Let c = -13 - -6. Suppose -7 + 23 = 4*p. Let d(z) = 3*z**2 - 2*z + 10. Let o(w) = 8*w**2 - 7*w + 30. Let a(x) = p*o(x) - 11*d(x). Calculate a(c).
3
Let l(n) = -n + 4. Let s(f) be the third derivative of f**5/20 - 25*f**4/24 - 13*f**3/6 + 25*f**2. Let y be s(9). Give l(y).
-1
Let c(g) = -g**3 - 20*g**2 - 30*g + 113. Let a be c(-18). Let h(m) = 4*m**2 - 19*m - 10. Give h(a).
-5
Let j(g) = 2*g**2 - g - 11. Let f be (13/((-845)/(-104)))/((-24)/(-10) - 2). Give j(f).
17
Let a be 0 + -2 + (-2 - -43). Suppose a = -c + 39. Let z(v) = 1 + 4*v - 3 + c - 3*v. What is z(3)?
1
Let k(c) be the third derivative of -c**5/60 + c**4/3 + 3*c**3/2 + 29*c**2. Let o(v) = -3*v**2 + 41*v - 17. Let d be o(13). Calculate k(d).
0
Suppose 0*o - 275 = -107*o + 367. Let m(b) = b**2 - 6*b - 13. Calculate m(o).
-13
Let u = 152 - 157. Let z(v) = -v**3 - 9*v**2 - 3*v + 1. Let f(t) = -2*t**3 - 17*t**2 - 7*t + 2. Let g(b) = 3*f(b) - 5*z(b). Calculate g(u).
6
Let j(t) = 11*t**2 - t + 11. Let o(r) = 25*r**2 - 4*r + 26. Let q(u) = -9*j(u) + 4*o(u). Determine q(3).
-7
Let y(g) be the first derivative of g**3/3 - 5*g**2 - 6*g + 1. Suppose 64*s - 59*s + 3345 = 0. Let x = s + 679. What is y(x)?
-6
Let x be (5/(-3))/(2/6). Let d(g) = 4*g + 3. Let o(u) = 5*u + 13. Let l(y) = d(y) - o(y). Give l(x).
-5
Suppose -u + 2*i = 9, -2*u - 3*i = 3 - 13. Let w(r) = -9*r**2 + 1. Let v be w(u). Let q(a) = -5373*a + 1 + 5372*a + 2 - 6. What is q(v)?
5
Let y(c) = 75*c - 33. Let a(s) = -193*s + 84. Let j(d) = 7*a(d) + 18*y(d). Let g be 10/4 + (-5)/10. Calculate j(g).
-8
Let j(b) = 59*b**2 + 20*b - 20. Let f be j(1). Suppose 0 = -3*g - 5*a + f - 61, a = -1. Let w(k) = -3*k**2 - k. Calculate w(g).
-4
Let t(u) = -u**2 + 8*u - 21. Suppose 15*c = -7*c - 3*c + 100. What is t(c)?
-5
Let x be ((-4)/10)/((-7)/490). Let q = x + -28. Let a(b) = -31 - b + 31 + q*b. Determine a(6).
-6
Let d = 12384 - 12389. Let y(v) = 18*v + 66. What is y(d)?
-24
Suppose v = -4*z + 19, -5*z + v - 10 + 27 = 0. Let k(i) be the second derivative of 1/12*i**z + i**3 - 7/2*i**2 + 0 - 14*i. What is k(-7)?
0
Suppose -3*d = -0*d + 15, 0 = n + d + 3. Let o = -104 - -106. Let j(p) = 80*p**o - 150*p**2 - 2 + 71*p**2. Calculate j(n).
2
Let x = -2856 - -2851. Let m(g) = 2*g**2 + 4*g - 15. Determine m(x).
15
Let q(x) = -x**2 + 1. Let a(w) = 2*w**3 + 7*w**2 - 3*w - 6. Let o(l) = -a(l) - 4*q(l). Let z be 558/(-198) - 8/44. Calculate o(z).
20
Let v(j) = 59*j - 2. Let x(p) = -196*p + 6. Let u(a) = -10*v(a) - 3*x(a). Let i be ((-10)/(-3))/((-4)/(-6)). What is u(i)?
-8
Let p(s) = s**2 + 1. Let r be p(1). Let u(x) be the first derivative of 14 - 20*x**2 + 2*x - 